est common factor of 1551 and g.
33
Let g(c) = -c + 2. Let s be g(-2). Suppose -5*v = -5*w, -3*w + s*v = -7*w. Suppose 0 = -h, w*r + 136 = r + h. What is the highest common factor of r and 17?
17
Let b(j) = 2 + 2*j**2 + 2 - 7*j - 3 - 5. Let r be b(6). Suppose -30*a + 2912 = 962. Calculate the highest common divisor of r and a.
13
Suppose 3*c - 180 = -o, -5*o - 240 = -5*c + c. Let w be -54*((-9)/(-6) - 2). Suppose -23 - w = -5*u. What is the greatest common factor of c and u?
10
Let t be 4195/(-2517)*(99 + 9)*6/(-20). Suppose 0*q = 3*q - 729. What is the greatest common divisor of q and t?
27
Suppose 2*s - 4*o - 74 = 0, -4*o - 1 = 7. Let j = 6 - 4. Let z be j/8 - -33*(-3)/(-36). Calculate the highest common divisor of s and z.
3
Let i(p) = -5*p**3 + p**2 + 13*p - 1. Let r be i(-3). What is the highest common factor of 64 and r?
8
Let l(x) = -115*x + 4932. Let h be l(30). What is the greatest common divisor of h and 171?
57
Let h = 10354 + -7232. What is the greatest common divisor of 84 and h?
14
Let p be 18/4 + 3/(-6). Suppose 0*z - 4*z + p*m = -52, -5*z - 4*m + 110 = 0. Let c be 354/z + 2/6. Calculate the highest common divisor of c and 160.
20
Suppose v = -3*u + 4*v + 459, 4*v + 770 = 5*u. Let k = u - 110. What is the greatest common divisor of 32 and k?
16
Let b = -4 - -13. Let j be -1*(-9)/(-21) - (-14628)/322. What is the greatest common factor of j and b?
9
Suppose -4*p = p + 3*l + 626, 0 = -2*p + 2*l - 244. Let n = p - -175. What is the highest common factor of 34 and n?
17
Let w be 165/24 + (-2)/(-16). Let a = 46 - 41. Suppose 5*t = a*g + 25, t + 4*g - 36 = -3*t. Calculate the greatest common factor of t and w.
7
Suppose 0 = -2*z + 5*h + 2709 + 96, -4*z = -h - 5583. Let y(a) = 4*a**3 + 1073*a - 2147. Let x be y(2). Calculate the highest common factor of x and z.
31
Let c = 12 + 23. Suppose 5*y + c = -5*p, -5*p + 20 + 22 = -2*y. Let v = 33 + y. What is the highest common factor of 22 and v?
22
Let w(y) = 76*y + 318. Let d be w(-3). Let f(t) = t**2 - 13*t + 42. Let i be f(21). Calculate the highest common divisor of i and d.
30
Let o = 747 - 703. What is the greatest common factor of o and 36?
4
Let z(h) = h**2 - 29*h + 99. Let j be z(25). Let u be 8 + (-126)/j + -4. What is the highest common divisor of 195 and u?
65
Let f(y) be the second derivative of -y**3/6 + 49*y. Let w be f(-10). Let l(r) = 2*r**3 - 4. Let j be l(3). What is the highest common divisor of j and w?
10
Let g = 5390 + -5342. Suppose -y + 573 = t, -2*y = y + 5*t - 1713. What is the highest common divisor of g and y?
48
Let g be -2*(-3)/6 - -1. Suppose -4*v = 5*j - 435, -v = -g*j - 2*j - 135. Suppose -638*c + 17 = -630*c - 167. Calculate the greatest common factor of c and v.
23
Suppose 6*y - 8*y = -6. Suppose 3*q = -y*t - 3, 4*t + 6 = -10. Suppose -q*u = 8*u - 220. What is the greatest common divisor of u and 140?
20
Suppose 42*k = 41*k + 3*p + 9, -5*p + 145 = 5*k. What is the greatest common divisor of 444 and k?
12
Suppose 628*q = 615*q + 18564. What is the greatest common divisor of q and 308?
28
Let c be (-46)/((1/(-3))/((-64)/(-48) + 5)). Calculate the highest common factor of c and 95.
19
Suppose -f - 5*j + 40 = 0, -24*f + 25*f + 4*j = 44. What is the highest common divisor of 3410 and f?
10
Let r(u) = 2*u**2 - 16*u + 80. Let l(c) = 10*c - 102. Let m be l(11). Let o be r(m). Calculate the highest common divisor of 60 and o.
20
Let t(x) = -364*x + 1836. Let i be t(5). What is the highest common divisor of 16 and i?
16
Let r be 6/15 + 253/55. Suppose 0 = -r*u + 10, -4*y + 20 + 62 = u. Let t(d) = -16*d + 4. Let a be t(-6). What is the greatest common divisor of y and a?
20
Let l = 7991 - 7946. Suppose -46 + 26 = -4*j. What is the greatest common factor of j and l?
5
Let g = 23469 - 23404. Calculate the highest common divisor of 18395 and g.
65
Let n = 799 - 372. Let p = n - 395. What is the greatest common factor of p and 256?
32
Let v(x) = -58*x**2 - 3*x - 1. Let n be v(2). Let r = n - -271. What is the greatest common divisor of r and 16?
16
Suppose 8*a = 4*a + 5820. Suppose -6*y - a = -y. Let q = -159 - y. Calculate the highest common factor of 88 and q.
44
Suppose 3*k + i = 905, -5*k + 17*i = 15*i - 1501. Let v = k - 290. What is the greatest common factor of 594 and v?
11
Suppose 2*o - 106 = -4*x, -15*o = -5*x - 13*o + 110. What is the greatest common divisor of x and 708?
12
Suppose l = -16 + 36. Let a(f) = 2 - 1 + 4*f + f**2 + 0*f**2 - 2*f**2. Let u be a(2). Calculate the highest common factor of u and l.
5
Let m = 21 + -46. Let b be (-1560)/m*10/3. What is the highest common factor of 13 and b?
13
Let l(y) = y**3 - 4*y**2 - 5*y - 9. Let q be l(6). Let m = 38 - q. Suppose 22 = m*j - 398. What is the highest common divisor of 210 and j?
42
Suppose 7*f - 102 = -67. Suppose -f*p + 398 - 218 = 0. Calculate the greatest common divisor of 4 and p.
4
Suppose -2*z - z + 3*m = -33, 0 = -2*z - m + 34. Let o(t) = 4*t + 30. Let q be o(z). What is the greatest common divisor of 72 and q?
18
Let b be (2/(-4)*-1329)/((-120)/(-160)). Let h = b - 882. What is the greatest common factor of 27 and h?
1
Let c = 210 - 191. Suppose -2*r - y - 9 = -4*y, 5*y = 15. Suppose 0 = 3*d + 3*l - 65 - 115, r = -3*d - l + 174. Calculate the greatest common factor of c and d.
19
Suppose -890*d + 8307 = -251*d. Suppose -215 - 773 = -4*u. Calculate the greatest common divisor of u and d.
13
Let f = 335 - 10. Let m(b) = -28*b - 199. Let g be m(-8). Calculate the highest common divisor of g and f.
25
Let r = -65 - -64. Let f be 13/4 + r*(-2)/(-8). Let l be (f - -24)/((-5)/(-5)). Calculate the greatest common factor of 27 and l.
27
Suppose 4*m - 3*m = 12. Let u be m + -6 + 0 + -2. What is the greatest common factor of 34 and u?
2
Let d(s) = 953*s**2 + 71*s - 149. Let u be d(2). Calculate the highest common divisor of 10 and u.
5
Suppose 0 = 3*f - 74 - 22. Let v be 74/4*(f + -30). What is the highest common factor of 37 and v?
37
Suppose 5*c = 3*d - 502, -2*d + 5*c = 75 - 413. What is the greatest common factor of d and 533?
41
Let w(r) = -8*r - 2. Let p be w(-6). Suppose 2*l + 0*b - 8 = -4*b, -3*b = 2*l - 6. Suppose l = -32*a + 192 + 3488. What is the highest common factor of a and p?
23
Let h be 4521/7 + (-27)/3780*-20. Calculate the greatest common divisor of h and 1862.
38
Let m(o) = 4*o**2 - 27*o - 3. Let j be m(7). Suppose -4*c + 4*a - 48 + 124 = 0, 0 = -j*c - 4*a + 68. Calculate the highest common divisor of c and 1062.
18
Let b = -478 - -621. What is the highest common factor of b and 481?
13
Let t(o) = -5*o**3 - 4*o**2 - 100*o - 119. Let v be t(-7). Calculate the greatest common factor of v and 70.
70
Let q = 615 + -612. What is the highest common divisor of 549 and q?
3
Let q(g) = 10*g**2 - 436*g - 54. Let b be q(45). What is the greatest common divisor of b and 27?
9
Let d(a) = 228*a - 855. Let f be d(4). What is the highest common divisor of 2337 and f?
57
Suppose 4*z + 2*w - 260 = 0, -260 = -4*z - 5*w - 0*w. Suppose -3*b + z + 1 = 0. Let a = -3509 + 3511. Calculate the highest common factor of a and b.
2
Let r(d) = d**3 - 12*d**2 - 8*d - 41. Let w be r(13). Let x be (-1296)/(-84)*(-21)/(-6). Calculate the greatest common factor of w and x.
6
Let c be 17 + (-1 - -11 - 3). Calculate the highest common factor of 2388 and c.
12
Let d(l) = -144*l - 938. Let u be d(-7). What is the highest common factor of 4060 and u?
70
Suppose 218*y + 30300 = 622*y. Calculate the greatest common factor of 366 and y.
3
Let o(c) = 9*c**2 + 299*c - 234. Let p be o(-42). What is the greatest common divisor of p and 36?
12
Let y(o) = 3*o**2 + 10*o - 46. Let x = 741 - 738. Let s be y(x). Suppose 0*k - b + 241 = 2*k, -2*b = 2. What is the highest common factor of s and k?
11
Suppose -459 = -3*f + 4*l, 0 = 5*f - 4*l - 317 - 440. Let n = f - -107. What is the highest common divisor of 48 and n?
16
Let u(j) = -5*j + 32. Let p be u(2). Let o be 18/(-12)*(p/(-6) + 3). Calculate the greatest common factor of o and 37.
1
Suppose -4*g = -2*c + 94, -3*g = -3*c - 5*g + 157. Suppose 4*a + c = 99. Calculate the greatest common factor of a and 18.
6
Let t(d) = -4*d**2 - 14*d - 8. Let z(b) = 3*b**2 + 12*b + 8. Let n(s) = -4*t(s) - 5*z(s). Let w be n(6). What is the highest common factor of 19 and w?
1
Suppose 803 = 6*o - 1